{"id":21276,"date":"2026-03-30T10:54:12","date_gmt":"2026-03-30T08:54:12","guid":{"rendered":"https:\/\/www.agentur-kerstin.de\/wp-content\/uploads\/2015\/08\/Lukas-Loughran-NoBeard.jpg"},"modified":"2026-03-30T10:56:32","modified_gmt":"2026-03-30T08:56:32","slug":"lukas-loughran-nobeard","status":"inherit","type":"attachment","link":"https:\/\/www.agentur-kerstin.de\/de\/schauspieler\/lukas-loughran\/lukas-loughran-nobeard\/","title":{"rendered":"Lukas Loughran NoBeard"},"author":4,"featured_media":0,"comment_status":"closed","ping_status":"closed","template":"","meta":{"_acf_changed":false},"class_list":["post-21276","attachment","type-attachment","status-inherit","hentry"],"acf":[],"description":{"rendered":"<p class=\"attachment\"><a href='https:\/\/www.agentur-kerstin.de\/wp-content\/uploads\/2015\/08\/Lukas-Loughran-NoBeard-scaled.jpg'><img loading=\"lazy\" decoding=\"async\" width=\"211\" height=\"300\" src=\"https:\/\/www.agentur-kerstin.de\/wp-content\/uploads\/2015\/08\/Lukas-Loughran-NoBeard-211x300.jpg\" class=\"attachment-medium size-medium\" alt=\"\" srcset=\"https:\/\/www.agentur-kerstin.de\/wp-content\/uploads\/2015\/08\/Lukas-Loughran-NoBeard-211x300.jpg 211w, https:\/\/www.agentur-kerstin.de\/wp-content\/uploads\/2015\/08\/Lukas-Loughran-NoBeard-704x1000.jpg 704w, https:\/\/www.agentur-kerstin.de\/wp-content\/uploads\/2015\/08\/Lukas-Loughran-NoBeard-768x1090.jpg 768w, https:\/\/www.agentur-kerstin.de\/wp-content\/uploads\/2015\/08\/Lukas-Loughran-NoBeard-1082x1536.jpg 1082w, https:\/\/www.agentur-kerstin.de\/wp-content\/uploads\/2015\/08\/Lukas-Loughran-NoBeard-1443x2048.jpg 1443w, https:\/\/www.agentur-kerstin.de\/wp-content\/uploads\/2015\/08\/Lukas-Loughran-NoBeard-624x886.jpg 624w, https:\/\/www.agentur-kerstin.de\/wp-content\/uploads\/2015\/08\/Lukas-Loughran-NoBeard-scaled.jpg 1803w\" sizes=\"(max-width: 211px) 100vw, 211px\" \/><\/a><\/p>\n"},"caption":{"rendered":"<p>\u00a9 Stefan Holm Mardo 2026<\/p>\n"},"alt_text":"","media_type":"image","mime_type":"image\/jpeg","media_details":{"width":1803,"height":2560,"file":"2015\/08\/Lukas-Loughran-NoBeard-scaled.jpg","filesize":584013,"sizes":{"medium":{"file":"Lukas-Loughran-NoBeard-211x300.jpg","width":211,"height":300,"filesize":12273,"mime_type":"image\/jpeg","source_url":"https:\/\/www.agentur-kerstin.de\/wp-content\/uploads\/2015\/08\/Lukas-Loughran-NoBeard-211x300.jpg"},"large":{"file":"Lukas-Loughran-NoBeard-704x1000.jpg","width":704,"height":1000,"filesize":75813,"mime_type":"image\/jpeg","source_url":"https:\/\/www.agentur-kerstin.de\/wp-content\/uploads\/2015\/08\/Lukas-Loughran-NoBeard-704x1000.jpg"},"thumbnail":{"file":"Lukas-Loughran-NoBeard-100x100.jpg","width":100,"height":100,"filesize":6889,"mime_type":"image\/jpeg","source_url":"https:\/\/www.agentur-kerstin.de\/wp-content\/uploads\/2015\/08\/Lukas-Loughran-NoBeard-100x100.jpg"},"medium_large":{"file":"Lukas-Loughran-NoBeard-768x1090.jpg","width":768,"height":1090,"filesize":90415,"mime_type":"image\/jpeg","source_url":"https:\/\/www.agentur-kerstin.de\/wp-content\/uploads\/2015\/08\/Lukas-Loughran-NoBeard-768x1090.jpg"},"1536x1536":{"file":"Lukas-Loughran-NoBeard-1082x1536.jpg","width":1082,"height":1536,"filesize":187485,"mime_type":"image\/jpeg","source_url":"https:\/\/www.agentur-kerstin.de\/wp-content\/uploads\/2015\/08\/Lukas-Loughran-NoBeard-1082x1536.jpg"},"2048x2048":{"file":"Lukas-Loughran-NoBeard-1443x2048.jpg","width":1443,"height":2048,"filesize":363400,"mime_type":"image\/jpeg","source_url":"https:\/\/www.agentur-kerstin.de\/wp-content\/uploads\/2015\/08\/Lukas-Loughran-NoBeard-1443x2048.jpg"},"medthumb":{"file":"Lukas-Loughran-NoBeard-200x200.jpg","width":200,"height":200,"filesize":10144,"mime_type":"image\/jpeg","source_url":"https:\/\/www.agentur-kerstin.de\/wp-content\/uploads\/2015\/08\/Lukas-Loughran-NoBeard-200x200.jpg"},"post-thumbnail":{"file":"Lukas-Loughran-NoBeard-624x886.jpg","width":624,"height":886,"filesize":60207,"mime_type":"image\/jpeg","source_url":"https:\/\/www.agentur-kerstin.de\/wp-content\/uploads\/2015\/08\/Lukas-Loughran-NoBeard-624x886.jpg"},"full":{"file":"Lukas-Loughran-NoBeard-scaled.jpg","width":1803,"height":2560,"mime_type":"image\/jpeg","source_url":"https:\/\/www.agentur-kerstin.de\/wp-content\/uploads\/2015\/08\/Lukas-Loughran-NoBeard-scaled.jpg"}},"image_meta":{"aperture":"11","credit":"Stefan Holm Mardo","camera":"Canon EOS R5","caption":"","created_timestamp":"1768582116","copyright":"Copyright \u00a9 Stefan Holm Mardo, All Rights Reserved. Detta f\u00e4lt f\u00e5r inte \u00e4ndras eller raderas enligt 6 kap enligt lag (1960:729)","focal_length":"70","iso":"100","shutter_speed":"0.008","title":"","orientation":"1","keywords":[]},"original_image":"Lukas-Loughran-NoBeard.jpg"},"post":1404,"source_url":"https:\/\/www.agentur-kerstin.de\/wp-content\/uploads\/2015\/08\/Lukas-Loughran-NoBeard-scaled.jpg","_links":{"self":[{"href":"https:\/\/www.agentur-kerstin.de\/de\/wp-json\/wp\/v2\/media\/21276"}],"collection":[{"href":"https:\/\/www.agentur-kerstin.de\/de\/wp-json\/wp\/v2\/media"}],"about":[{"href":"https:\/\/www.agentur-kerstin.de\/de\/wp-json\/wp\/v2\/types\/attachment"}],"author":[{"embeddable":true,"href":"https:\/\/www.agentur-kerstin.de\/de\/wp-json\/wp\/v2\/users\/4"}],"replies":[{"embeddable":true,"href":"https:\/\/www.agentur-kerstin.de\/de\/wp-json\/wp\/v2\/comments?post=21276"}]}}

Copyright © Stefan Holm Mardo, All Rights Reserved. Detta fält får inte ändras eller raderas enligt 6 kap enligt lag (1960:729)
