{"id":21275,"date":"2026-03-30T10:54:10","date_gmt":"2026-03-30T08:54:10","guid":{"rendered":"https:\/\/www.agentur-kerstin.de\/wp-content\/uploads\/2015\/08\/Lukas-Loughran-HeadShot.jpeg"},"modified":"2026-03-30T10:55:26","modified_gmt":"2026-03-30T08:55:26","slug":"lukas-loughran-headshot","status":"inherit","type":"attachment","link":"https:\/\/www.agentur-kerstin.de\/de\/schauspieler\/lukas-loughran\/lukas-loughran-headshot\/","title":{"rendered":"Lukas Loughran HeadShot"},"author":4,"featured_media":0,"comment_status":"closed","ping_status":"closed","template":"","meta":{"_acf_changed":false},"class_list":["post-21275","attachment","type-attachment","status-inherit","hentry"],"acf":[],"description":{"rendered":"<p class=\"attachment\"><a href='https:\/\/www.agentur-kerstin.de\/wp-content\/uploads\/2015\/08\/Lukas-Loughran-HeadShot.jpeg'><img loading=\"lazy\" decoding=\"async\" width=\"253\" height=\"300\" src=\"https:\/\/www.agentur-kerstin.de\/wp-content\/uploads\/2015\/08\/Lukas-Loughran-HeadShot-253x300.jpeg\" class=\"attachment-medium size-medium\" alt=\"\" srcset=\"https:\/\/www.agentur-kerstin.de\/wp-content\/uploads\/2015\/08\/Lukas-Loughran-HeadShot-253x300.jpeg 253w, https:\/\/www.agentur-kerstin.de\/wp-content\/uploads\/2015\/08\/Lukas-Loughran-HeadShot-843x1000.jpeg 843w, https:\/\/www.agentur-kerstin.de\/wp-content\/uploads\/2015\/08\/Lukas-Loughran-HeadShot-768x911.jpeg 768w, https:\/\/www.agentur-kerstin.de\/wp-content\/uploads\/2015\/08\/Lukas-Loughran-HeadShot-1295x1536.jpeg 1295w, https:\/\/www.agentur-kerstin.de\/wp-content\/uploads\/2015\/08\/Lukas-Loughran-HeadShot-624x740.jpeg 624w, https:\/\/www.agentur-kerstin.de\/wp-content\/uploads\/2015\/08\/Lukas-Loughran-HeadShot.jpeg 1651w\" sizes=\"(max-width: 253px) 100vw, 253px\" \/><\/a><\/p>\n"},"caption":{"rendered":"<p>\u00a9 Stefan Holm Mardo 2026<\/p>\n"},"alt_text":"","media_type":"image","mime_type":"image\/jpeg","media_details":{"width":1651,"height":1959,"file":"2015\/08\/Lukas-Loughran-HeadShot.jpeg","filesize":1191256,"sizes":{"medium":{"file":"Lukas-Loughran-HeadShot-253x300.jpeg","width":253,"height":300,"filesize":13431,"mime_type":"image\/jpeg","source_url":"https:\/\/www.agentur-kerstin.de\/wp-content\/uploads\/2015\/08\/Lukas-Loughran-HeadShot-253x300.jpeg"},"large":{"file":"Lukas-Loughran-HeadShot-843x1000.jpeg","width":843,"height":1000,"filesize":100760,"mime_type":"image\/jpeg","source_url":"https:\/\/www.agentur-kerstin.de\/wp-content\/uploads\/2015\/08\/Lukas-Loughran-HeadShot-843x1000.jpeg"},"thumbnail":{"file":"Lukas-Loughran-HeadShot-100x100.jpeg","width":100,"height":100,"filesize":6095,"mime_type":"image\/jpeg","source_url":"https:\/\/www.agentur-kerstin.de\/wp-content\/uploads\/2015\/08\/Lukas-Loughran-HeadShot-100x100.jpeg"},"medium_large":{"file":"Lukas-Loughran-HeadShot-768x911.jpeg","width":768,"height":911,"filesize":81705,"mime_type":"image\/jpeg","source_url":"https:\/\/www.agentur-kerstin.de\/wp-content\/uploads\/2015\/08\/Lukas-Loughran-HeadShot-768x911.jpeg"},"1536x1536":{"file":"Lukas-Loughran-HeadShot-1295x1536.jpeg","width":1295,"height":1536,"filesize":267666,"mime_type":"image\/jpeg","source_url":"https:\/\/www.agentur-kerstin.de\/wp-content\/uploads\/2015\/08\/Lukas-Loughran-HeadShot-1295x1536.jpeg"},"medthumb":{"file":"Lukas-Loughran-HeadShot-200x200.jpeg","width":200,"height":200,"filesize":9689,"mime_type":"image\/jpeg","source_url":"https:\/\/www.agentur-kerstin.de\/wp-content\/uploads\/2015\/08\/Lukas-Loughran-HeadShot-200x200.jpeg"},"post-thumbnail":{"file":"Lukas-Loughran-HeadShot-624x740.jpeg","width":624,"height":740,"filesize":53207,"mime_type":"image\/jpeg","source_url":"https:\/\/www.agentur-kerstin.de\/wp-content\/uploads\/2015\/08\/Lukas-Loughran-HeadShot-624x740.jpeg"},"full":{"file":"Lukas-Loughran-HeadShot.jpeg","width":1651,"height":1959,"mime_type":"image\/jpeg","source_url":"https:\/\/www.agentur-kerstin.de\/wp-content\/uploads\/2015\/08\/Lukas-Loughran-HeadShot.jpeg"}},"image_meta":{"aperture":"11","credit":"Stefan Holm Mardo","camera":"Canon EOS R5","caption":"","created_timestamp":"1768578403","copyright":"Copyright \u00a9 Stefan Holm Mardo, All Rights Reserved. Detta f\u00e4lt f\u00e5r inte \u00e4ndras eller raderas enligt 6 kap enligt lag (1960:729)","focal_length":"70","iso":"100","shutter_speed":"0.00625","title":"","orientation":"1","keywords":[]}},"post":1404,"source_url":"https:\/\/www.agentur-kerstin.de\/wp-content\/uploads\/2015\/08\/Lukas-Loughran-HeadShot.jpeg","_links":{"self":[{"href":"https:\/\/www.agentur-kerstin.de\/de\/wp-json\/wp\/v2\/media\/21275"}],"collection":[{"href":"https:\/\/www.agentur-kerstin.de\/de\/wp-json\/wp\/v2\/media"}],"about":[{"href":"https:\/\/www.agentur-kerstin.de\/de\/wp-json\/wp\/v2\/types\/attachment"}],"author":[{"embeddable":true,"href":"https:\/\/www.agentur-kerstin.de\/de\/wp-json\/wp\/v2\/users\/4"}],"replies":[{"embeddable":true,"href":"https:\/\/www.agentur-kerstin.de\/de\/wp-json\/wp\/v2\/comments?post=21275"}]}}

Copyright © Stefan Holm Mardo, All Rights Reserved. Detta fält får inte ändras eller raderas enligt 6 kap enligt lag (1960:729)
